nd 16444180?
10
What is the highest common factor of 6754797 and 72?
9
Calculate the greatest common divisor of 743 and 56022200.
743
Calculate the highest common divisor of 9168581 and 1679.
73
What is the highest common divisor of 4418516 and 670?
134
Calculate the greatest common factor of 8599181 and 3431.
73
What is the greatest common divisor of 1194 and 2803114?
398
What is the greatest common factor of 611936 and 603110?
2942
Calculate the highest common divisor of 447104 and 1219456.
896
What is the greatest common factor of 75 and 12994503?
3
Calculate the greatest common factor of 918963288 and 17.
17
What is the greatest common factor of 5082748 and 21016?
284
What is the highest common factor of 125928 and 5469552?
2376
What is the highest common divisor of 172432548 and 36?
36
Calculate the greatest common divisor of 33475 and 2823665.
65
Calculate the highest common factor of 374208 and 325483.
1949
Calculate the highest common factor of 65108 and 6207492.
1588
Calculate the highest common factor of 35506 and 555539.
433
What is the highest common factor of 14652013 and 274?
137
Calculate the greatest common divisor of 84147589 and 11624.
1453
Calculate the greatest common divisor of 264 and 28653999.
33
Calculate the highest common factor of 10943 and 198989.
31
What is the highest common factor of 1851 and 31505871?
1851
Calculate the greatest common factor of 1614393 and 332442.
2277
What is the highest common factor of 6062203 and 14?
7
Calculate the highest common divisor of 3141943 and 217.
217
Calculate the greatest common factor of 1073 and 10800337.
37
What is the highest common factor of 36 and 225399879?
9
What is the highest common divisor of 75072824 and 10520?
2104
Calculate the highest common divisor of 113308 and 17004.
52
What is the highest common divisor of 814 and 2540087?
407
What is the highest common factor of 6357064 and 105?
7
What is the highest common divisor of 12159 and 3470719?
1351
Calculate the greatest common divisor of 2534597 and 892905.
3133
What is the greatest common divisor of 68461415 and 2420?
55
Calculate the greatest common factor of 444428 and 327644.
3244
Calculate the greatest common divisor of 96447 and 9426.
3
Calculate the highest common factor of 238289 and 1857318.
2227
Calculate the greatest common factor of 741128 and 1512.
8
Calculate the greatest common factor of 2543750 and 117150.
550
What is the greatest common factor of 1215578 and 1638?
182
Calculate the greatest common factor of 35225610 and 186.
186
What is the greatest common divisor of 78 and 148074394?
26
Calculate the greatest common factor of 1499671 and 7228.
139
Calculate the highest common factor of 1779441 and 2462091.
4551
What is the highest common factor of 9576 and 12409110?
126
Calculate the highest common divisor of 3710931 and 9.
3
Calculate the greatest common factor of 6796032 and 1280.
256
Calculate the greatest common divisor of 88356 and 1313400.
2388
Calculate the highest common factor of 327316 and 4644.
172
What is the highest common factor of 664 and 27741422?
166
Calculate the highest common factor of 12 and 2589357.
3
Calculate the highest common divisor of 8974742 and 48314.
1666
Calculate the highest common divisor of 65091874 and 202.
202
Calculate the highest common factor of 151960 and 264480.
1160
What is the greatest common factor of 896 and 9979207?
7
Calculate the greatest common factor of 2900 and 97970700.
2900
What is the greatest common divisor of 1395 and 126465?
15
What is the highest common divisor of 456 and 295404?
12
What is the greatest common factor of 16424 and 212863252?
8212
What is the highest common divisor of 2287607 and 354?
59
What is the greatest common divisor of 117693 and 1004023?
1453
Calculate the greatest common factor of 138552 and 37646988.
3012
What is the greatest common divisor of 1341801 and 48177?
477
What is the greatest common factor of 1406019003 and 138?
69
What is the highest common divisor of 322 and 2309982?
46
What is the greatest common factor of 59846 and 330454?
2602
Calculate the highest common factor of 10688 and 56128.
64
What is the highest common factor of 277693600 and 320?
160
What is the greatest common factor of 84555 and 988354?
1879
What is the highest common divisor of 48762 and 18900?
378
Calculate the highest common factor of 224419568 and 628.
628
What is the greatest common divisor of 11737373 and 908889?
9773
What is the greatest common factor of 84641948 and 5787?
643
What is the greatest common factor of 1396 and 180405080?
1396
What is the greatest common divisor of 1968 and 7818288?
48
What is the greatest common factor of 955 and 20118221?
191
Calculate the greatest common divisor of 634 and 18314041.
317
Calculate the highest common factor of 78565471 and 82.
41
What is the highest common divisor of 23591 and 3941219?
761
Calculate the highest common divisor of 112502 and 3302.
26
What is the greatest common factor of 21136 and 2520?
8
Calculate the highest common factor of 249656 and 216.
8
Calculate the highest common divisor of 40 and 70784140.
20
Calculate the greatest common factor of 881526132 and 48060.
9612
What is the greatest common factor of 189 and 1344?
21
What is the greatest common factor of 394101 and 891?
9
What is the greatest common divisor of 63614397 and 4557?
147
Calculate the greatest common divisor of 10788 and 617985.
93
What is the greatest common divisor of 3959504 and 221?
17
Calculate the highest common factor of 143487374 and 1758.
586
Calculate the highest common divisor of 108 and 50086701.
27
Calculate the highest common factor of 12081000 and 36000.
3000
Calculate the highest common divisor of 78336 and 63535392.
4896
Calculate the greatest common factor of 745554 and 29592.
822
Calculate the highest common divisor of 1775 and 1599175.
25
Calculate the highest common divisor of 25794304 and 2816.
256
Calculate the greatest common factor of 360 and 705690.
90
Calculate the greatest common factor of 8599303 and 848.
53
What is the greatest common divisor of 3060682 and 1076?
538
Calculate the highest common divisor of 24992616 and 88396.
1804
Calculate the highest common divisor of 27158937 and 4017.
4017
What is the greatest common factor of 42201976 and 24?
8
What is the greatest common divisor of 95680 and 12190?
230
What is the greatest common factor of 3526544 and 296?
296
What is the highest common factor of 11863513 and 668?
167
What is the highest common factor of 11092488 and 528?
264
What is the highest common factor of 100632 and 72408?
168
What is the highest common divisor of 1352 and 19528?
8
Calculate the greatest common divisor of 1462764 and 205084.
316
What is the greatest common factor of 31809 and 28267?
23
Calculate the highest common factor of 2178738 and 30.
6
What is the highest common divisor of 14908 and 185973573?
3727
What is the greatest common factor of 5992444 and 464?
116
What is the greatest common factor of 7685188 and 84?
28
What is the highest common divisor of 17622557 and 8721?
323
Calculate the greatest common divisor of 46286 and 64.
2
What is the highest common divisor of 332 and 37920708?
332
Calculate the highest common factor of 7088290 and 80.
10
What is the highest common divisor of 566892 and 544968?
3132
Calculate the highest common factor of 64 and 1359324.
4
What is the highest common divisor of 165 and 32592435?
15
Calculate the greatest common factor of 136334623 and 719.
719
Calculate the highest common divisor of 1113245 and 11305.
595
Calculate the greatest common divisor of 2563644 and 12.
12
What is the highest common divisor of 2730466 and 358179?
5191
Calculate the highest common factor of 127728822 and 546.
78
Calculate the greatest common factor of 480225044 and 884.
884
What is the greatest common divisor of 7933674 and 59841?
327
What is the highest common factor of 186 and 984219?
93
What is the greatest common divisor of 4642384 and 38?
38
Calculate the highest common factor of 2128 and 447659.
19
What is the greatest common factor of 14796 and 3244708?
548
Calculate the highest common divisor of 19991598 and 66.
66
Calculate the highest common divisor of 975 and 9093435.
195
Calculate the highest common factor of 4